 divisor of t and a.
2
Let l(b) = 7*b + 7. Let r be l(6). Calculate the highest common divisor of r and 7.
7
Let q be (-2)/3*9/(-2). Suppose -80 = -4*g + 4*m, -q*m = 2*g + g - 30. Calculate the highest common divisor of g and 105.
15
Let g = 3 + 4. Calculate the greatest common factor of g and 63.
7
Let r = -9 - -107. Let n = 7 + -3. Let u(f) = 4*f - 2. Let a be u(n). Calculate the highest common divisor of a and r.
14
Suppose -5*o - 7 = -2*d, 3*o = 4*d - o - 20. What is the greatest common divisor of d and 60?
6
Let z(l) = -l**3 + 6*l**2 + 7*l + 1. Let i be z(7). Let v be (-1)/2*2*i. Let t be 2*34/(-4)*v. What is the highest common divisor of 136 and t?
17
Let v be ((-904)/12 + 2)*336/(-70). Suppose -f - 2*w + w = -34, -56 = -2*f + 4*w. Calculate the greatest common factor of v and f.
32
Let w(k) = -4*k - 15. Let b be w(-9). What is the highest common factor of 3 and b?
3
Let l(f) = 4*f**2 + 6*f. Let q = 12 + -7. Let g be l(q). Let z be (g/(-8))/((-4)/16). What is the highest common factor of z and 13?
13
Suppose -c + 4*w + 48 = 0, 0*w + 8 = -4*w. Calculate the highest common divisor of 8 and c.
8
Let x(o) = -63*o. Let q be x(-1). Calculate the greatest common divisor of 7 and q.
7
Suppose 11 = d + d + u, u = -d + 7. Suppose 5*z + 6 = -s + 19, 4*s - 20 = -d*z. What is the highest common divisor of 2 and z?
2
Let j(o) = o**3 + 15*o**2 + o + 26. Let d be j(-15). Calculate the greatest common divisor of 44 and d.
11
Suppose -3*f - 5*r = -77, 26 + 18 = 2*f - 4*r. Calculate the highest common factor of 12 and f.
12
Let r be (15/12)/((-1)/(-156)). Suppose -g = 4*g - r. Calculate the greatest common divisor of 13 and g.
13
Let f = -41 + 95. Suppose -2*c + f = c. Suppose -5*a = -h + 19, 3*a = -3*h + 32 - 11. Calculate the highest common factor of h and c.
9
Let l be -2*(-3 + 6 - 2). Let j be (-4)/l + (3 - -8). Let s be 1*12/1 - -1. What is the highest common divisor of s and j?
13
Let i = 4 + 0. Let w(c) = -c + 12. Let p be w(7). Suppose -v - r - 4 = -4*v, v = -p*r - i. What is the highest common factor of 5 and v?
1
Let i = 52 - 34. Calculate the greatest common divisor of 6 and i.
6
Let s = -2 - 8. Let l(q) = q**2 + 8*q + 12. Let z be l(s). What is the highest common factor of 4 and z?
4
Let m be 23 - (4 + -5 + 0). Calculate the greatest common factor of m and 12.
12
Let z(k) = k**2 + 5*k - 8. Let n(y) = -y**2 - 6*y + 3. Let x be n(-5). Let q be z(x). Calculate the highest common factor of 12 and q.
12
Let f = -7 - -13. Suppose 634 = 5*l - y, -l + y = f*y - 132. Suppose -4*s = z - l, 4*s - s + 2*z - 89 = 0. What is the highest common divisor of 11 and s?
11
Suppose 143 = 12*q - q. What is the highest common divisor of q and 91?
13
Let x be ((-6)/(-4))/((-15)/(-20)). Let j = 19 - 13. Let n = j + -4. What is the greatest common factor of n and x?
2
Let z be 7*(30/(-21))/(-5). Suppose z*h - b = 2*b + 185, 3*h - 249 = -5*b. What is the highest common factor of 11 and h?
11
Let f = 283 + -147. Let g(o) = 11*o**2 - 2. Let n be g(-2). Suppose n = 2*z + 4*p, -3*z + 7*p = 3*p - 43. Calculate the greatest common factor of z and f.
17
Let o(i) = i**3 + 13*i**2 + 12*i + 9. Let p be o(-12). Calculate the highest common factor of p and 99.
9
Let u = 36 - -30. Suppose -u = -6*c + 4*c. What is the highest common divisor of 22 and c?
11
Let o = 540 + -246. Suppose 3*m + 4*u - 2*u = o, 5*u + 415 = 4*m. Let n = 27 + -17. Calculate the greatest common divisor of n and m.
10
Let i(j) = -j**2 - 6*j - 1. Let z be i(-5). Let o(v) = 45*v**2 + z - 4. Let h be o(-1). Calculate the highest common divisor of h and 30.
15
Suppose -9*x - 7*x + 192 = 0. Calculate the greatest common divisor of 42 and x.
6
Let n(v) = v**3 + 14*v**2 + 10*v - 19. Let b(z) = -z**2 + 3*z + 5. Let a be b(6). Let s be n(a). What is the greatest common factor of 140 and s?
20
Let v(r) be the third derivative of r**4/24 + 4*r**3/3 + 3*r**2. Let n be v(12). What is the highest common divisor of n and 4?
4
Suppose -13*z + 2*z + 165 = 0. What is the highest common factor of 30 and z?
15
Let a = 14 + -2. Suppose 0 - a = -m. Calculate the highest common divisor of 84 and m.
12
Suppose -6*p = 16 - 22. What is the highest common factor of 12 and p?
1
Let k = 17 - 7. Let m = -156 + 206. What is the highest common divisor of m and k?
10
Let q = 15 + -7. Suppose -4*l + 5 = -59. Let x = 32 - l. What is the greatest common divisor of x and q?
8
Let f(m) = -m**3 + 6*m**2 - 3*m - 3. Let i be f(5). What is the highest common factor of 7 and i?
7
Let u be (-2)/10 - 126/(-30). Let o(j) = -j + 5. Let g be o(u). Suppose -x - 3 = -4. Calculate the highest common divisor of x and g.
1
Suppose 82 = 3*c - 158. Let y = -6 + 6. Let q(f) = -f**2 + 10. Let l be q(y). What is the greatest common divisor of c and l?
10
Let f = -226 + 336. Let r be (-1)/(-2) - (-77)/22. Suppose 2*b + 0*b - 4*z - r = 0, -5*z = -3*b + 10. Calculate the highest common factor of b and f.
10
Let t = -143 - -209. What is the highest common divisor of t and 22?
22
Suppose -8 = -a - 0. Let k be (0 - 1) + 0 + a. What is the greatest common divisor of 42 and k?
7
Suppose 3*z - 335 = -4*p, -5*p - 2*z = -108 - 302. What is the highest common factor of p and 20?
20
Let s(q) = -8*q + q**3 + 5 - 10 - 5*q**2 + 11. Let x be s(7). What is the highest common factor of 6 and x?
6
Let l = -3 + 13. Let k be 1521/65 - (-6)/l. Calculate the greatest common factor of k and 12.
12
Let g be (4/5)/((-10)/(-500)). What is the highest common factor of g and 5?
5
Let m = 2 + -6. Let d(n) = -n**2 - 5*n + 2. Let c be d(m). What is the greatest common divisor of 66 and c?
6
Let s be (0 - -4)*25/10. Calculate the greatest common factor of s and 170.
10
Let x = -13 + 16. Suppose -2*c + x = -33. Calculate the highest common divisor of c and 9.
9
Suppose f - 2*o = 8, 31 = 4*f - 3*o + 4. What is the greatest common factor of f and 2?
2
Suppose 0 = -2*l + 4*k, -2*l - 4*k + 30 + 10 = 0. Let i be 6/(((-63)/(-28))/((-6)/(-4))). What is the greatest common factor of i and l?
2
Let f be ((-1)/(-2) + -2)*-6. Suppose 0 = 7*s + 8 - 449. Calculate the highest common divisor of s and f.
9
Let c(a) be the first derivative of a**4/4 + 7*a**3/3 - 4*a - 7. Let y be c(-6). What is the highest common factor of 32 and y?
32
Suppose 10*f = 3*f + 280. Calculate the highest common divisor of 10 and f.
10
Suppose 0 = 3*t - 7*t + 672. Suppose 3*i = 5*i, 3*i = 4*c - 96. What is the highest common divisor of c and t?
24
Let r(z) be the first derivative of 20*z**3/3 - 2. Let a be r(-2). Calculate the highest common divisor of a and 10.
10
Let b = -150 - -214. Calculate the greatest common factor of 8 and b.
8
Let v(k) = -k**3 + 6*k**2 + 8*k - 3. Let y be v(6). Suppose 5*j - 2*j = y. Let a = 5 - -25. What is the greatest common divisor of a and j?
15
Suppose 2*t + 3*t - 4*j = 61, 0 = -4*t - 4*j + 20. Suppose 3*y - 31 + 7 = 0. Let k be (-3)/(-12) - (-502)/y. What is the greatest common divisor of k and t?
9
Suppose -v = -4*j + 175, -2*j + 80 - 10 = -4*v. Let w = j - -50. What is the greatest common divisor of 19 and w?
19
Let p = 59 + -34. Suppose l = -4*l + p. Suppose -l*g + 6 = -19. Calculate the greatest common divisor of 5 and g.
5
Suppose 11*y = -14*y + 225. Let p(k) = -20*k - 1. Let i be p(-5). What is the highest common factor of i and y?
9
Let g be -50*((-7)/2 + 3). Suppose -2*j + g = -63. What is the highest common divisor of 66 and j?
22
Let v(r) = -r**2 - 7*r - 5. Let k be v(-5). Suppose f - 2*m + 1 = -3, k*m = 0. Let i = f - -18. What is the highest common divisor of 2 and i?
2
Let o(a) = -a**2 + 12*a + 3. Let h be o(10). Suppose 5*n - h = -3. Let w(r) = 2*r**2 + 2*r - 4. Let j be w(n). What is the greatest common divisor of 90 and j?
18
Suppose 2 = k, -3*k + 92 = 3*d + 11. Calculate the greatest common divisor of 5 and d.
5
Let d = 99 + -90. Calculate the greatest common factor of 72 and d.
9
Let l = -8 - -10. Let c be ((-9)/l)/((-7)/224). Calculate the highest common factor of c and 18.
18
Let s(y) = y**3 + 10*y**2 + 1. Let a be s(-5). Let u = -35 - -12. Let d = -5 - u. What is the greatest common factor of a and d?
18
Suppose 0*p = -5*p + 90. Let f be (15/10)/(9/12). Suppose 36 = 2*r + f*r. Calculate the greatest common divisor of p and r.
9
Let d be (-6)/(-39) - 6228/(-78). What is the highest co